14892172 a multiple of 4?
True
Does 68 divide 42443241?
False
Is 9 a factor of 6277968?
True
Is 209614368 a multiple of 5701?
True
Is 1385649962 a multiple of 706?
True
Is 2851 a factor of 65379132?
True
Is 14078681 a multiple of 31?
True
Is 3337 a factor of 1705113564?
True
Is 210317229 a multiple of 729?
True
Is 771564376 a multiple of 11?
True
Is 724720013 a multiple of 1518?
False
Is 15 a factor of 316028925?
True
Is 273460220 a multiple of 548?
True
Is 39 a factor of 40656557?
False
Is 33 a factor of 121953942?
True
Does 35 divide 216306980?
False
Is 310093 a multiple of 9?
False
Does 357 divide 227808840?
True
Does 45 divide 46825605?
True
Does 2 divide 23450914?
True
Is 38011617 a multiple of 21?
True
Is 23610818 a multiple of 278?
True
Does 33 divide 236700293?
False
Is 282 a factor of 131106171?
False
Is 8157929 a multiple of 172?
False
Does 5 divide 11407464?
False
Does 153 divide 4417253?
False
Is 428 a factor of 89333872?
True
Is 2423 a factor of 18938287?
False
Is 2382830135 a multiple of 854?
False
Is 1596150569 a multiple of 6?
False
Does 50 divide 138365242?
False
Does 19 divide 1703856559?
True
Is 52203626 a multiple of 35?
False
Is 38 a factor of 713027499?
False
Does 2309 divide 811250987?
True
Is 1453 a factor of 1670184236?
False
Does 134 divide 23833240?
True
Does 18 divide 862101954?
True
Is 3 a factor of 16239167?
False
Does 9 divide 310975398?
True
Is 539070590 a multiple of 31?
False
Is 83042076 a multiple of 102?
True
Is 10 a factor of 698832730?
True
Is 65420271 a multiple of 3285?
False
Is 13 a factor of 182912184?
True
Is 25 a factor of 35065500?
True
Is 12 a factor of 116735661?
False
Is 335645167 a multiple of 407?
True
Is 22525412 a multiple of 49?
False
Is 756374990 a multiple of 133?
True
Is 587 a factor of 28200067?
True
Does 17 divide 445086044?
True
Does 8 divide 33712123?
False
Is 40898844 a multiple of 189?
True
Does 5 divide 147134670?
True
Is 7411474 a multiple of 322?
True
Is 2833416144 a multiple of 519?
True
Does 2705 divide 47133260?
False
Is 16 a factor of 4594483?
False
Is 57 a factor of 37345453?
False
Is 5 a factor of 131579015?
True
Is 94 a factor of 173094371?
False
Is 973148222 a multiple of 1103?
True
Does 1588 divide 81969258?
False
Does 563 divide 174835953?
False
Is 308778024 a multiple of 712?
True
Is 34 a factor of 14828284?
True
Is 116565624 a multiple of 21?
True
Is 52 a factor of 9401684?
False
Is 223490563 a multiple of 31?
True
Is 137 a factor of 100859400?
True
Does 34 divide 39768913?
False
Is 49 a factor of 15343811?
True
Is 661 a factor of 1329881103?
True
Is 213667230 a multiple of 214?
True
Does 286 divide 10617856?
False
Is 125 a factor of 2952642500?
True
Does 569 divide 7464711?
True
Does 136 divide 244533656?
False
Is 8637677 a multiple of 28?
False
Is 19 a factor of 85028211?
True
Does 66 divide 981499719?
False
Is 14294352 a multiple of 6?
True
Does 2 divide 11028779?
False
Is 46 a factor of 45291094?
True
Is 5 a factor of 10380150?
True
Does 742 divide 731441340?
True
Is 128 a factor of 293475035?
False
Is 382341360 a multiple of 30?
True
Is 103 a factor of 78124910?
False
Does 143 divide 13109811?
True
Does 5 divide 14338125?
True
Is 24 a factor of 8125747800?
True
Is 277610299 a multiple of 150?
False
Is 5562400 a multiple of 136?
True
Is 1264671975 a multiple of 175?
True
Is 6 a factor of 155476923?
False
Is 5 a factor of 1917193?
False
Is 60 a factor of 185683500?
True
Is 33549241 a multiple of 291?
False
Does 28 divide 252609588?
True
Does 672 divide 20895923?
False
Does 222 divide 2716873463?
False
Does 77 divide 136757638?
False
Does 3 divide 305693886?
True
Is 16903307 a multiple of 283?
True
Is 6 a factor of 640393554?
True
Does 443 divide 24233429?
True
Is 79857772 a multiple of 4?
True
Does 1632 divide 1487146944?
True
Is 303123440 a multiple of 92?
True
Is 6516417 a multiple of 762?
False
Is 825 a factor of 214471125?
True
Is 723 a factor of 19993119?
True
Is 52619652 a multiple of 36?
True
Does 404 divide 11107227?
False
Is 391 a factor of 143343621?
False
Is 31 a factor of 123269919?
True
Is 1216523358 a multiple of 38?
False
Is 19 a factor of 37482801?
True
Is 78 a factor of 5595253?
False
Is 22285695 a multiple of 121?
False
Is 957 a factor of 333114474?
True
Does 2235 divide 419804520?
True
Is 24274570 a multiple of 7?
False
Does 294 divide 32823336?
True
Does 5 divide 370510?
True
Is 43189102 a multiple of 5080?
False
Is 1993 a factor of 244104215?
False
Is 165629482 a multiple of 5?
False
Is 11 a factor of 2928889?
False
Is 661924320 a multiple of 1501?
False
Is 11560804 a multiple of 338?
False
Does 873 divide 137507976?
True
Is 10476210 a multiple of 43?
False
Is 41323071 a multiple of 149?
False
Is 121636735 a multiple of 11?
True
Is 135937935 a multiple of 3235?
True
Is 197 a factor of 575817407?
True
Is 16 a factor of 2744857376?
True
Does 103 divide 34731394?
True
Is 1012 a factor of 50995740?
False
Is 985 a factor of 13417411?
False
Does 78 divide 690132?
False
Does 8 divide 34849968?
True
Does 516 divide 360769199?
False
Is 384725250 a multiple of 70?
True
Is 5292 a factor of 274818852?
True
Does 124 divide 1338859382?
False
Does 6 divide 29943308?
False
Is 257 a factor of 579875268?
True
Is 1624329813 a multiple of 85?
False
Is 170 a factor of 39850600?
False
Is 740745981 a multiple of 51?
True
Does 631 divide 18487669?
True
Does 2789 divide 1182706129?
True
Does 111 divide 30650319?
True
Is 593 a factor of 1991423867?
True
Is 859 a factor of 84391405?
False
Does 1180 divide 858129571?
False
Is 1868 a factor of 731650362?
False
Is 463941617 a multiple of 480?
False
Is 1467840 a multiple of 40?
True
Is 10 a factor of 1068029169?
False
Is 1549 a factor of 1025665?
False
Is 26 a factor of 12606955?
False
Does 20 divide 266864280?
True
Does 55 divide 18974780?
True
Is 23 a factor of 253404087?
True
Is 200853432 a multiple of 234?
True
Is 218166553 a multiple of 11?
True
Is 200 a factor of 211377883?
False
Is 151 a factor of 5601194?
True
Does 161 divide 1452121790?
True
Is 25 a factor of 1063575?
True
Is 54469839 a multiple of 3729?
False
Is 987827880 a multiple of 13?
True
Does 110 divide 464314054?
False
Does 2493 divide 274509070?
False
Is 33 a factor of 7708268?
False
Is 1028155332 a multiple of 154?
False
Is 5 a factor of 45952324?
False
Does 1140 divide 17517240?
True
Is 12212823 a multiple of 7?
True
Does 87 divide 27788334?
False
Does 168 divide 383374992?
True
Is 454 a factor of 931696530?
True
Is 712660371 a multiple of 191?
False
Is 433319838 a multiple of 1527?
False
Is 110082658 a multiple of 71?
False
Does 608 divide 1221827680?
True
Is 970229400 a multiple of 915?
True
Is 4 a factor of 2771582?
False
Is 540 a factor of 139215029?
False
Is 15117333 a multiple of 539?
True
Does 662 divide 74219053?
False
Is 843282 a multiple of 99?
True
Is 36 a factor of 21299540?
False
Does 12 divide 16576116?
True
Is 129900550 a multiple of 13?
True
Is 810 a factor of 106350570?
True
Is 10 a factor of 117390947?
False
Is 55 a factor of 76082533?
False
Does 11 divide 34836662?
False
Does 252 divide 38566542?
False
Does 11 divide 28802848?
False
Is 29462160 a multiple of 2184?
True
Is 138424873 a multiple of 15?
False
Is 26 a factor of 27214944?
False
Is 1579218578 a multiple of 14?
True
Is 123 a factor of 1320455873?
False
Is 794863944 a multiple of 903?
True
Is 3093 a factor of 663333779?
False
Is 425 a factor of 657392123?
False
Does 239 divide 47256992?
True
Is 619316100 a multiple of 1118?
True
Does 972 divide 18180288?
True
Does 16 divide 5984624?
True
Is 35960502 a multiple of 318?
False
Is 77126658 a multiple of 14?
True
Does 40 divide 6651857?
False
Is 59321576 a multiple of 50?
False
Is 341753160 a multiple of 4?
True
Is 115 a factor of 3794098170?
True
Does 5 divide 23907975?
True
Does 15 divide 148473?
False
Is 29 a factor of 1377238146?
False
Is 2642502743 a multiple of 12338?
False
Is 812 a factor of 1431901100?
True
Does 65 divide 21135790?
True
Does 5 divide 213603404?
False
Is 1355015053 a multiple of 29?
True
Is 74068094 a multiple of 1811?
False
Does 33 divide 165484059?
False
Is 16133919 a multiple of 16?
False
Does 90 divide 13524309?
False
Is 51 a factor of 1217956551?
True
Is 4785524451 a multiple of 83?
False
Does 9 div